638 is divided by 1295?
28
Calculate the remainder when 111827472 is divided by 3569.
3564
Calculate the remainder when 15772287 is divided by 309.
0
What is the remainder when 288519 is divided by 143479?
1561
Calculate the remainder when 226287 is divided by 19.
16
Calculate the remainder when 10021 is divided by 2505.
1
Calculate the remainder when 99433 is divided by 7033.
971
What is the remainder when 417480 is divided by 17395?
0
What is the remainder when 879508 is divided by 2?
0
Calculate the remainder when 52049 is divided by 51692.
357
What is the remainder when 2280495 is divided by 29237?
9
Calculate the remainder when 52235341 is divided by 1072.
1069
What is the remainder when 884437320 is divided by 82?
80
Calculate the remainder when 12239053 is divided by 115.
63
Calculate the remainder when 221721884 is divided by 334.
326
What is the remainder when 50327999 is divided by 1947?
1943
What is the remainder when 366953 is divided by 366928?
25
What is the remainder when 36760786 is divided by 11?
7
Calculate the remainder when 7448078 is divided by 8483.
4
Calculate the remainder when 4958067 is divided by 614.
17
What is the remainder when 222531 is divided by 5563?
11
Calculate the remainder when 606360 is divided by 303069.
222
What is the remainder when 100710 is divided by 96630?
4080
Calculate the remainder when 22129948 is divided by 67.
49
What is the remainder when 73890712 is divided by 4?
0
What is the remainder when 42933412 is divided by 100?
12
Calculate the remainder when 616619 is divided by 9196.
487
Calculate the remainder when 10232318 is divided by 32.
30
What is the remainder when 75309322 is divided by 384?
10
Calculate the remainder when 18574 is divided by 1072.
350
Calculate the remainder when 150819 is divided by 8.
3
What is the remainder when 2040848 is divided by 60?
8
Calculate the remainder when 6090144 is divided by 11.
5
Calculate the remainder when 3391193 is divided by 942.
935
What is the remainder when 134199 is divided by 2964?
819
Calculate the remainder when 23049620 is divided by 32.
20
Calculate the remainder when 388024 is divided by 1437.
34
Calculate the remainder when 1776895 is divided by 253825.
120
What is the remainder when 153099889 is divided by 5727?
5725
What is the remainder when 1282922719 is divided by 167?
162
What is the remainder when 2223293 is divided by 79?
75
Calculate the remainder when 2481351 is divided by 46.
19
What is the remainder when 309591 is divided by 51598?
3
Calculate the remainder when 154474282 is divided by 83.
77
Calculate the remainder when 4104247 is divided by 35079.
4
What is the remainder when 5539877 is divided by 9264?
5
Calculate the remainder when 42879 is divided by 378.
165
What is the remainder when 9539214 is divided by 408?
174
Calculate the remainder when 109377239 is divided by 1171.
1155
Calculate the remainder when 388912 is divided by 55556.
20
Calculate the remainder when 1898819 is divided by 307.
24
Calculate the remainder when 2873088 is divided by 478835.
78
What is the remainder when 647793852 is divided by 5828?
5824
Calculate the remainder when 76572 is divided by 6343.
456
Calculate the remainder when 5464 is divided by 4199.
1265
What is the remainder when 187929078 is divided by 14?
8
Calculate the remainder when 5047523 is divided by 5047507.
16
What is the remainder when 1154285350 is divided by 24?
22
Calculate the remainder when 40272 is divided by 36744.
3528
Calculate the remainder when 9208746 is divided by 10266.
144
What is the remainder when 18354666 is divided by 29?
15
What is the remainder when 524725 is divided by 101?
30
What is the remainder when 6421109 is divided by 108?
77
Calculate the remainder when 1083751 is divided by 63604.
2483
Calculate the remainder when 37828594 is divided by 22.
12
Calculate the remainder when 510339 is divided by 976.
867
Calculate the remainder when 4802044 is divided by 232.
108
What is the remainder when 624999 is divided by 13297?
40
Calculate the remainder when 252994 is divided by 65.
14
What is the remainder when 76944017 is divided by 5353?
5348
Calculate the remainder when 501472 is divided by 31341.
16
What is the remainder when 4624252 is divided by 1667?
1661
Calculate the remainder when 175612 is divided by 496.
28
What is the remainder when 226297 is divided by 219?
70
What is the remainder when 120517 is divided by 1679?
1308
Calculate the remainder when 12213669 is divided by 1425.
1419
What is the remainder when 1491283 is divided by 667?
538
What is the remainder when 5410879 is divided by 158?
11
Calculate the remainder when 2989527 is divided by 589.
352
Calculate the remainder when 52077 is divided by 376.
189
What is the remainder when 14640 is divided by 718?
280
Calculate the remainder when 1861162 is divided by 147.
142
Calculate the remainder when 762726 is divided by 69321.
195
What is the remainder when 150126 is divided by 37484?
190
What is the remainder when 979333 is divided by 326247?
592
What is the remainder when 960511 is divided by 1887?
28
What is the remainder when 23085599 is divided by 100372?
39
Calculate the remainder when 249366 is divided by 10838.
92
What is the remainder when 14918 is divided by 424?
78
What is the remainder when 256360748 is divided by 6189?
6179
Calculate the remainder when 1681441404 is divided by 877.
876
What is the remainder when 397680 is divided by 99413?
28
Calculate the remainder when 7441067 is divided by 188.
27
Calculate the remainder when 86068 is divided by 1957.
1917
What is the remainder when 549849 is divided by 1674?
777
Calculate the remainder when 425126 is divided by 127.
57
What is the remainder when 3432749 is divided by 30?
29
What is the remainder when 873832 is divided by 558?
4
What is the remainder when 42464 is divided by 3279?
3116
What is the remainder when 10433499 is divided by 6?
3
Calculate the remainder when 119491 is divided by 1704.
211
What is the remainder when 629666 is divided by 490?
16
Calculate the remainder when 8922868 is divided by 3823.
3809
Calculate the remainder when 9150293 is divided by 118.
101
Calculate the remainder when 1223791 is divided by 8168.
6759
What is the remainder when 11424754 is divided by 23?
10
What is the remainder when 198207671 is divided by 19?
13
Calculate the remainder when 3449222 is divided by 1544.
1470
What is the remainder when 28434288 is divided by 32?
16
What is the remainder when 4033398 is divided by 223?
220
Calculate the remainder when 693447 is divided by 61.
60
Calculate the remainder when 7500814 is divided by 193.
62
What is the remainder when 18876999 is divided by 2398?
2341
Calculate the remainder when 44556 is divided by 44535.
21
Calculate the remainder when 81413 is divided by 1275.
1088
What is the remainder when 35235603 is divided by 49?
46
What is the remainder when 1089982 is divided by 4580?
4522
Calculate the remainder when 1037464 is divided by 32388.
1048
What is the remainder when 1502470 is divided by 500820?
10
Calculate the remainder when 770110 is divided by 256684.
58
Calculate the remainder when 25558684 is divided by 1566.
1564
Calculate the remainder when 8183160 is divided by 5481.
27
Calculate the remainder when 240884582 is divided by 76.
74
What is the remainder when 402572 is divided by 133769?
1265
What is the remainder when 20180 is divided by 3332?
188
Calculate the remainder when 210412 is divided by 252.
244
What is the remainder when 540827 is divided by 463?
43
What is the remainder when 24828709 is divided by 19099?
9
What is the remainder when 24857 is divided by 7335?
2852
What is the remainder when 538975 is divided by 55?
30
What is the remainder when 71304 is divided by 7930?
7864
What is the remainder when 7694561 is divided by 5847?
5756
Calculate the remainder when 4497591 is divided by 1499189.
24
What is the remainder when 54799730 is divided by 458?
30
Calculate the remainder when 3135534 is divided by 626844.
1314
What is the remainder when 931449 is divided by 398?
129
What is the remainder when 594231 is divided by 2021?
57
What is the remainder when 268870 is divided by 3119?
636
What is the remainder when 2450970 is divided by 74271?
27
Calculate the remain